*3 - 4*o**2 - o. Let m(n) = -3*j(n) - 7*k(n). Let a be 0*(1 - (-9)/(-6)). Let t = a + -1. Determine m(t).
-14
Let a(n) = 3*n + 31 + 23 - 49. Let m be 5 + (0 - 0) + -1. What is a(m)?
17
Suppose 0 = 4*t + t. Let c(h) = -4 + 6*h + h - h - 3*h - 4*h. Calculate c(t).
-4
Let a(b) = b**3 + 2*b**2 - 2*b. Let p(d) = 2*d**2 + 7*d - 1. Let l be p(-6). Let g = 130 - 98. Let v = l - g. Calculate a(v).
-3
Let q = -203 + 206. Let p(n) = -2*n + n**3 - 2*n - n**2 + 0 + 1. Calculate p(q).
7
Let j(q) = q**3 - 5*q - 2. Suppose -16*t + 13*t = 0. Suppose t = -14*s + 19*s + 15. Give j(s).
-14
Let q(a) = -3*a**3 - 6*a**2 + 4*a + 5. Let w(d) = -4*d**3 - 7*d**2 + 5*d + 6. Let x(j) = 5*q(j) - 4*w(j). Let n = 884 - 883. Give x(n).
0
Suppose -10 = -p + z, -3*p + 13*z - 8*z = -32. Let r(k) = -2*k. Determine r(p).
-18
Let k(q) be the first derivative of -q**3/3 + 8*q**2 + 8*q + 578. Give k(17).
-9
Let o be 44/6 + (-5)/15. Let x(w) = -w - 2*w + o*w + 2*w. Let p(v) = -v. Let f(a) = 8*p(a) + x(a). Give f(-3).
6
Let q(f) = -3*f**3 - 11*f**2 - 3*f + 2. Let g(x) = 7*x**3 + 23*x**2 + 6*x - 6. Let h(k) = -2*g(k) - 5*q(k). What is h(-9)?
-25
Let k(m) = -m + 9. Let d be k(6). Let c = d - -3. Let i(h) be the second derivative of -h**3/6 - h**2/2 - 4*h. Determine i(c).
-7
Let g be ((5/30)/((-1)/4))/((-3)/(-9)). Let q(j) be the first derivative of -j**2 - 3*j - 1. Calculate q(g).
1
Let u = -12 + 5. Let g(o) = o**3 + 8*o**2 + 6*o - 5. Let m be g(u). Let y(j) = j - 1. Calculate y(m).
1
Let n(x) be the second derivative of 11*x + 0 - 5/6*x**3 - 1/20*x**5 - 5/12*x**4 + 0*x**2. Let p be (-17)/4 - (-5)/20. What is n(p)?
4
Let m(o) = 28*o**2 + 3*o + 2. Let z be m(-2). Let h = z - 74. Let l = h + -35. Let a(t) = -3*t + 1. Give a(l).
4
Let y(g) = -5*g**2 - g + 1. Let m(r) = 59*r + 827. Let s be m(-14). Give y(s).
-5
Let m(x) = -x - 4. Let q(z) = -14*z - 40. Let a be q(-3). Let o be -21 - -19 - a/(-1). Determine m(o).
-4
Let j(u) = -35*u**2 + 87*u**2 - 45*u**2 + 7*u. Let m(v) = -13*v**2 - 14*v - 1. Let q(f) = 11*j(f) + 6*m(f). Calculate q(-4).
6
Let s(z) = -2*z**2 + 2*z - 1. Let t(q) = -5*q**2 + 14*q - 1. Let o(f) = -2*s(f) + t(f). Give o(9).
10
Let g(u) be the second derivative of -u**7/840 - u**6/60 - u**5/20 - u**4/12 - 5*u**3/6 - 10*u. Let m(c) be the second derivative of g(c). Determine m(-5).
3
Let k(r) = -r**2 + r. Let b(f) be the first derivative of f**4/4 + 2*f**3/3 + 4*f**2 + 4*f + 8. Let m(l) = -b(l) + 3*k(l). Give m(-4).
0
Let b(w) = 7*w**3 + w**2 - w - 3. Let v(s) = -17*s**3 - 3*s**2 + 3*s + 6. Let f(g) = -5*b(g) - 2*v(g). What is f(2)?
-3
Let n(u) = -u**2 + 4*u + 2. Suppose 5*l + 0*l = -s + 17, -5*s + 27 = -4*l. Give n(s).
-19
Let w(b) be the third derivative of 3*b**4/8 - b**3/6 + b**2 + 27*b. Give w(1).
8
Let n(z) = -z**3 + 9*z**2 + 2*z - 2. Let r = -395 + 404. Give n(r).
16
Let r be (-240)/(-18) + -9 + -4. Let b(n) be the first derivative of 7/2*n**2 + r*n**3 + 9*n + 9. What is b(-6)?
3
Suppose -34*c - 2*z = -38*c + 18, 4*c = 3*z + 23. Let v(r) = r - 10. Determine v(c).
-8
Let m(j) be the third derivative of j**5/60 + 11*j**4/24 + 5*j**3/2 - j**2 - 3. Determine m(-12).
27
Suppose 160 = -9*v + 29*v. Let c(f) = f**3 - 7*f**2 - 8*f - 5. Give c(v).
-5
Let v(p) = p**2 + 10*p + 16. Let d = 343 - 350. What is v(d)?
-5
Let d(x) = 0*x + 7*x - 11*x - 10. Let y(s) = 4*s + 11. Let v(o) = 5*d(o) + 4*y(o). Determine v(-4).
10
Let n(t) = 3*t - 10708 + 10723 + 5*t. What is n(-3)?
-9
Let d(f) = f**2 - 5*f + 3. Let m be d(5). Suppose -m*y + 16 = 5*y. Let x(a) = 5*a. Calculate x(y).
10
Let o(i) = i**3 - i**2 + 3. Let y be o(2). Let f = -1 + -2. Let v = y + f. Let m(p) = p**2 - 6*p + 1. Calculate m(v).
-7
Let z(b) = b + 1 + 4 - 3*b. Suppose -12*x = -17*x + 10. Suppose -g = 5*n - x*n, -2*g - 4*n + 4 = 0. Determine z(g).
-7
Let y(z) = 963*z + 5768. Let c be y(-6). Let n(f) = 2 + 11*f - 3*f**3 + 6 - 9*f**2 + 2*f**3. Give n(c).
-2
Let y(a) = a**2 - 4. Suppose -2*d + 2*m + 26 = 2*d, 5*m + 17 = 2*d. Suppose -4*x + d*x + 3*t = -9, -3*t = -x. Give y(x).
5
Let t = -301 - -306. Let r(i) = i + 5. Give r(t).
10
Let g(d) = 6*d**2 - 8*d + 2. Let a(w) = -20*w**2 + 25*w - 7. Let j(o) = -2*a(o) - 7*g(o). What is j(4)?
-8
Let k(g) = g**2 - 11*g - 15. Let b = -232 - -244. What is k(b)?
-3
Let z(n) be the second derivative of -n**4/12 - n**3 + n**2/2 + n. Let u be z(-5). Let y(p) = -3 + p**2 + u - 4*p - 3. Determine y(4).
0
Suppose 5*r + m - 50 = -3*m, 0 = -4*r - 2*m + 34. Let t(v) = 6 - 2*v - r. What is t(-2)?
4
Let k(l) be the second derivative of -l**4/6 - 23*l**3/6 + 7*l**2 + 259*l. Determine k(-12).
2
Let v(m) = 5*m - 2. Let q be 0 + 2 + (-3 - 6)/9. Calculate v(q).
3
Let b(o) = 3*o**2 - 7 - 8029*o - 2 + 8025*o - 2*o**2. What is b(-2)?
3
Let a(g) be the second derivative of g**5/20 + g**4/2 + g**3/3 - 4*g + 6. Give a(-6).
-12
Let o(v) = -v + 4. Let w be -1*(1 - -2 - -4). Let t(r) = r**2 + 4*r - 9. Let l be t(w). Suppose -4*z + 0*z + l = 0. What is o(z)?
1
Let l(g) = 5*g - 8. Let w(v) = v**2 - 3*v - 8. Let k be w(4). Let c(j) = -3*j + 4. Let r(o) = k*l(o) - 7*c(o). Let x = 19 + -24. Calculate r(x).
-1
Let l(j) = -j - 9 + 600*j**2 + 602*j**2 - 1203*j**2. Suppose 4*f = -5*h - 5, -2*h + 5*h + 3 = f. Calculate l(f).
-9
Let s(a) = 4*a - 3 + a**2 - 2*a + 0*a**2. Let c be s(-4). Let f(y) be the first derivative of y**3/3 - 5*y**2/2 + y - 11. Determine f(c).
1
Let z = 392 + -384. Let t(h) = h**2 - 10*h + 16. What is t(z)?
0
Let q(f) be the first derivative of -f**4/4 - f**3/3 + f**2/2 - 121. Calculate q(-1).
-1
Let w(k) = -6*k - 1. Let j be ((-41)/(779/114))/((-6)/(-4)). Calculate w(j).
23
Let k(s) = -s - 13. Suppose -3*z = 4*u - 1 + 39, 5*z + 5*u + 55 = 0. Let d be k(z). Let j(t) = t**2 + 7*t - 4. Determine j(d).
-4
Let b(i) = -7*i + 7. Suppose 0 = 3*s, -s = c - 2 - 4. Let w(t) = t - 1. Let j(h) = c*w(h) + b(h). Give j(4).
-3
Let n(m) = -2*m**3 - 25*m**2 + 74*m - 14. Let i be n(-15). Let j(a) = -2*a**2 + a. Determine j(i).
-1
Suppose -3 - 7 = -5*v. Let a(y) = -y**2 - 3*y + v*y**2 + 0*y**2 + 0*y**2. Let z(i) = -i + 10. Let g be z(6). Give a(g).
4
Let s(f) = -1 - 6*f**2 + 21*f**2 - 14*f**2 - 6*f. Give s(5).
-6
Let o(z) = -7*z**2 - 11*z - 5. Let q(s) = 20*s**2 + 33*s + 15. Let h(m) = -17*o(m) - 6*q(m). Let j be (144/64)/(3/(-12) + 0). What is h(j)?
13
Let s = 17 - 26. Let z(h) = -h**3 - 9*h**2 - h - 13. What is z(s)?
-4
Let v be 0/(-2 + -1 - -2). Let f(b) be the first derivative of b**2/2 - 11*b - 114. Give f(v).
-11
Let y be 1*(2 - (0 - 1)). Let p(m) = -3 - 3*m + 2*m + 0*m. Determine p(y).
-6
Let v(p) be the second derivative of -4*p**3/3 + p**2/2 + 7*p. Suppose -11*b - b + 12 = 0. Give v(b).
-7
Suppose 0 = 4*f + 36*j - 38*j - 50, 0 = -2*f - j + 19. Let m(b) = b**3 - 10*b**2 - 5*b - 15. What is m(f)?
51
Let w = 916 + -915. Let f(n) = -33*n**3 - 1. What is f(w)?
-34
Let w(y) = -y - 4. Suppose 7*l + 40 = 3*l. Let r be w(l). Let z(o) = o**2 - 6*o + 1. Determine z(r).
1
Let f(r) = -r**3 - 13*r**2 + 5*r + 7. Let c be ((-52)/(-6))/((-312)/468). Determine f(c).
-58
Let w(s) be the third derivative of s**6/120 + s**5/60 - 3*s**4/8 - 2*s**3/3 + 262*s**2. Calculate w(-3).
5
Let p(o) = o - 3. Let z be p(2). Let n = -3 - -15. Let g(f) = f**2 - n*f + 5*f + 8*f. What is g(z)?
0
Let o be (2/(-6) - 0)*-18. Let x be o*(-3)/6*1. Let h(k) = 2*k + 439 + k**2 - 439. Calculate h(x).
3
Let p(h) be the third derivative of h**5/30 - h**4/6 + 5*h**3/3 - h**2. Let w(x) be the first derivative of p(x). Give w(6).
20
Let x(v) be the first derivative of v**5/60 + v**4/24 - v**3/2 + 19*v**2 - 2. Let g(r) be the second derivative of x(r). Give g(-6).
27
Let h(r) be the first derivative of r**2 + 2*r - 22. What is h(7)?
16
Let j(l) = l**2 - 5*l - 6. Let a be j(6). Let f(b) = -48*b - 42*b - 2 + b**3 - 3*b**2 + a + 89*b. What is f(3)?
-5
Let d be (-1)/(-4) + (-93)/(-12). Let w(a) be the third derivative of 0 + 0*a - a**3 + 3/20*a**5 + 85*a**2 - 1/120*a**6 - 1/3*a**4. Determine w(d).
-6
Let w(k) be the third derivative of -1/120*k**6 + 0 - 1/3*k**3 + 1/24*k**4 + 25*k**2 - 1/20*k**5 + 0*k. Determine w(-3).
-5
Suppose 0 = -2*h + 5*h. Let m(n) = -n + 667 - 1351 + 673. Calculate m(h).
-11
Let b(a) = -5*a + 1. Let f be b(-1). Suppose -6*z + 24 = -4*i - z, i - 5*z + f = 0. Let l(o) = o**3 - 8*o + 5*o**2 + 18 + 7 - 41 + 2 + 17. Calculate l(i).
15
Let a(r) be the